ite?
False
Suppose -t = -4*v + 36048, -7777 - 1230 = -v - t. Suppose o + v = -4*s, 4*s - 3*o = o - 9016. Is (-6)/8 + s/(-12) prime?
False
Let a = -135 - -138. Suppose -4*v - a*q + 7*q = -16708, q = -3*v + 12531. Is v a composite number?
False
Suppose 3*p - 13*z + 12*z - 2019 = 0, 4*p - 2692 = 3*z. Is p prime?
True
Let l(p) be the first derivative of 19*p**3/3 + p**2/2 - p - 6. Let r(m) be the first derivative of l(m). Is r(2) a composite number?
True
Let m(f) = -128 + 11*f - 15*f + 45 + 654. Is m(0) a composite number?
False
Suppose 2*g + 2 - 6 = -3*u, -5*u = -2*g + 4. Let c be 2/8 - (-26)/(-8). Is (446 - u)/(c + 5) a prime number?
True
Suppose v + 11 = 3*m, 3*m - 4 - 3 = 2*v. Let i(h) = 2*h**2 - 9*h - 1. Let g be i(-7). Suppose -v*r + 644 - g = 0. Is r a composite number?
True
Suppose 125219 - 396598 = -41*i. Is i composite?
False
Let o be (-111)/(-12) + (-1)/4. Let u be 44/((-6)/o*-1). Is u + (-2)/(-2 + 0) composite?
False
Is (-13 - -9) + (2 - -11)*53 a composite number?
True
Let y(o) = 30*o**2 + 34*o + 121. Is y(-21) a composite number?
False
Let u(j) = 19*j - 52. Let n be u(16). Let m = 1937 + n. Is m prime?
False
Is 1676 + 90/((-100)/(-10)) a prime number?
False
Is ((-36)/(-27) - 1)/((-6)/(-163692)) prime?
False
Suppose 84 = -l - 2*l. Let d be (2/6)/(9/20223). Let k = d + l. Is k prime?
False
Let s = 317 + -192. Let t = s - -182. Is t prime?
True
Let u be 5942 - (4 + -8) - -3. Let k be (-20)/(9/(u/(-2))). Suppose -2643 = -2*f + 2*d - d, 0 = -5*f + 3*d + k. Is f a prime number?
True
Is (1020470/(-660))/((-2)/12) composite?
False
Suppose -7*d + 247783 = -236176. Is d prime?
False
Suppose 0 = -2*b - 6, 2*y - b - 54527 = -11770. Is y prime?
True
Let h be 1 + -1 - (-7 - -63). Is 2445/4 + 14/h prime?
False
Suppose -1895 = o + 4*o + 5*g, -3*g + 758 = -2*o. Let r = 1064 + o. Is r prime?
False
Let w(m) = 10*m**2 + m. Let n be w(1). Suppose h + 3 = 3*u, -h + u = 5*u - n. Suppose 156 = h*d + 4*o - o, -4*o + 155 = 3*d. Is d a composite number?
False
Is ((14 + -19)/10)/((-1)/23726) composite?
False
Suppose 0 = h + 3*z - 239, 2*z - 7 = -3. Let u(m) = -6*m. Let p be u(12). Let b = h + p. Is b composite?
True
Let y be (24/9)/(6/(-18)). Let f be (1 + -1)*4/y. Suppose q - 51 - 152 = f. Is q a prime number?
False
Let q be (-24)/10 + 8/20. Let v be 156 + q/2 + 2. Suppose 2*t = 201 + v. Is t a composite number?
False
Let o be -12*4/((-24)/2). Let w = -2 - -171. Suppose j = -2*l - 2*l + 129, j = o*l + w. Is j a composite number?
False
Suppose -p - 2*y - 84 = -340, y - 1271 = -5*p. Suppose -a + p = a. Is a a prime number?
True
Let w(b) = 15*b**2 + 60*b - 33. Let d(n) = -7*n**2 - 29*n + 17. Let k(p) = -7*d(p) - 3*w(p). Suppose 85 = -9*s + 4*s. Is k(s) prime?
False
Is -5*((-508606)/35 - -9) a composite number?
False
Suppose 0 = y - 2*l - 271, -5*y + l + 1063 = -y. Is y prime?
False
Let g be (-28900)/(-15) - 4/6. Let j = -1134 + g. Is (j + -3)*3/9 a prime number?
True
Let u(y) = -y**2 - 13*y - 7. Let o be u(-14). Let v be 8088/42 - 9/o. Let j = -36 + v. Is j composite?
False
Let c(l) = l**2 + 8*l - 13. Let a be c(-11). Let q = a - 15. Let m(j) = 16*j**2 - 6*j + 1. Is m(q) a prime number?
False
Let a = 340 - 241. Let o be (26/(-3))/(7/(-504)*4). Let p = o - a. Is p prime?
False
Let w(d) = 397*d**2 + 1. Is w(4) a prime number?
True
Is 10637 - ((-3)/(-2) - (-27)/(-18)) prime?
False
Let r(p) = -p**2 - 7*p. Let x be r(-7). Suppose x*o - j = -2*o + 5, 4*o + 3*j + 15 = 0. Let u(a) = -a**2 + 479. Is u(o) a prime number?
True
Let g = -31 + 34. Suppose -l + 183 = -2*h, 3*l + h + g*h = 589. Is l prime?
True
Suppose 3*i - 39476 = -5*w, -3*w + 2*i + 9351 + 14346 = 0. Is w a composite number?
True
Suppose 2*h + 5*c - 17132 = 2*c, 2*c = 5*h - 42830. Is h prime?
False
Let y(i) = i - 8. Let q be y(15). Let o(k) = -3*k + k**3 - 3*k**2 + 9 - 14 - k. Is o(q) a prime number?
True
Suppose -2*d + t = -1 + 13, 3*d - 3*t + 21 = 0. Let c(g) = -6*g + g + 4*g**2 + 7 + g. Is c(d) composite?
False
Let a = 939 + -276. Suppose -p - 4 = -5, 2*g + p - a = 0. Is g composite?
False
Let m(q) = -14 - 3*q + 1 + 4 - 3. Is m(-15) a composite number?
True
Suppose -4*o = 2 + 30. Let v = o + 12. Is (-541)/v*(-6 - -2) composite?
False
Let n(j) = 2*j**2 - 115*j + 6179. Is n(0) prime?
False
Let x(z) = 4*z**2 - 4*z - 5. Suppose -3*v + 0*v + 2*i + 2 = 0, i - 5 = 0. Is x(v) a composite number?
False
Is ((-41144 - -7) + 6)/(-1) a composite number?
False
Let h(t) be the third derivative of t**5/20 + 7*t**4/12 - 8*t**3/3 - 3*t**2. Is h(-15) prime?
True
Suppose -19*i + 94639 = -2*i. Is i prime?
False
Let c(p) = -551*p + 764. Is c(-47) composite?
True
Suppose -5*m - 2*k + 50977 = -3*k, 4*m + 5*k - 40770 = 0. Is m prime?
False
Suppose -745 = -4*v + m, 0 = 2*v - v - 2*m - 195. Is v prime?
False
Suppose 27*s - 21*s - 10404 = 0. Let i = -943 + s. Is i prime?
False
Let t = 7631 + -1068. Is t a prime number?
True
Let b = 42021 + -5416. Is b a composite number?
True
Suppose 1180 = 2*d + 2*d. Suppose -5*f + 220 = -d. Suppose -3*z - 201 = -4*o + f, 0 = -2*o - z + 162. Is o a composite number?
False
Let l(y) = 20*y**2 - 3*y**2 + 8*y + 13 + 0*y - y**2. Is l(-6) a prime number?
True
Suppose 5*k = 96*k - 3288103. Is k prime?
False
Is (-2 + (-3315)/(-9))/(18/54) a composite number?
True
Suppose 1 = a - 2*r, 3 = -r + 4*r. Suppose -i + l = -a*i + 240, 3*l = 4*i - 470. Is i composite?
True
Let x = -939 - -2276. Is x a prime number?
False
Suppose 8*k + 4 = 4*k. Suppose -123 = -n - 5*y, n - y - 173 + 74 = 0. Is 10/(k + n/101) composite?
True
Let q be -18 - -17 - (-1 + 4182). Is (-1)/(q/(-14686) + (-32)/112) a prime number?
True
Let r(u) = -41*u - 209. Is r(-8) prime?
False
Let n(j) = -3*j + 25. Let b be n(9). Let y(r) = -460*r - 7. Is y(b) prime?
False
Let h = -153 - -1118. Is h a prime number?
False
Let u(l) = 3*l - 19. Let f be u(6). Is 3*f*(-6 - -5) + 3784 composite?
True
Suppose 3 = 5*f + i - 7, -10 = 5*f + 5*i. Suppose 0 = -5*r - 0*q + q + 5367, 0 = f*q + 6. Is r a composite number?
True
Suppose -3079 = -8*k + 7*k + 2*h, h = 4*k - 12316. Is k a composite number?
False
Let q(b) = 1003*b**2 + 12*b + 12. Is q(-1) composite?
True
Let n(f) = f + 12. Let k be n(-10). Is ((-252)/k - 1)*-1 a composite number?
False
Let i be 2 + 1*(-4)/(-1). Let f(r) = 6*r + 4. Let u be f(i). Let c = u + 217. Is c a composite number?
False
Suppose k + 2*k = 14922. Suppose 11*q - k - 383 = 0. Is q a prime number?
True
Suppose -5*c = 2 - 12. Suppose -3*k = c*g - 625, 3*g + g + 3*k - 1259 = 0. Is g prime?
True
Suppose 3*l - 1125 = 306. Let c = l - 118. Is c composite?
False
Let z = 27774 + -3335. Is z a composite number?
False
Suppose 2*o - 4*g - 771 = -129, 5*o = 5*g + 1630. Is o composite?
False
Let c(a) = -188*a**3 - 2*a**2 - a. Suppose 0 = -4*r + 4*k + 8, -3*r - 7 = 3*k + 5. Is c(r) prime?
False
Let r(w) = w**2 - 2*w + 4. Let h be r(3). Suppose -365 = -h*m + 762. Is m prime?
False
Let c(d) = 159*d**2 - 2*d - 2. Let z be c(2). Let s = z - 233. Is s prime?
True
Let w(g) = 2*g + 4. Let q = 2 + -4. Let a be w(q). Suppose 2*h + a*h = 514. Is h a prime number?
True
Let g(n) be the first derivative of 19*n**2 - 5*n - 2. Is g(6) prime?
True
Let k(y) = -y**3 - 18*y**2 - 38*y - 17. Is k(-20) prime?
True
Let p = -26 - -30. Suppose i + 31 = r - 337, p*i = r - 365. Let h = r - 182. Is h prime?
False
Is (-130)/26 - ((-532)/2 + -2) composite?
False
Let q(j) = 200*j**2 + 2. Let c = -5 + 4. Is q(c) prime?
False
Suppose -3*h = l + 4826, 0*l = -2*h + 3*l - 3210. Let s = h + 2275. Is s a prime number?
False
Let w(j) = -j**3 - 4*j**2 - 2*j - 2. Let u be w(-3). Let o(z) = -z**2 - 5*z - 4. Let p be o(u). Let q(d) = 24*d**2 + 7*d + 9. Is q(p) a prime number?
False
Suppose m + 65 - 276 = 0. Is m a prime number?
True
Let p(z) = -3668*z - 43. Is p(-10) a composite number?
False
Let b = 570 - 273. Let o = -2 + 2. Suppose 4*q - 67 - b = o. Is q a prime number?
False
Suppose -j + 7862 = j. Is j/4 - 3*(-5)/(-20) a prime number?
False
Let n(l) = l**2 + 3*l - 5. Let f = 4 - 9. Let i be n(f). Suppose 5*x - 5*p = 160, -p - 94 = -2*x - i*p. Is x prime?
True
Let o be 1 + -2 + (4 - 0). Suppose -2*n + 20 = 3*r, 0 = 2*n - 2*r - 13 + o. Suppose -2*k + n*k - 1055 = 0. Is k prime?
True
Suppose 0 = -3*q - 19*q + 113476. Is q prime?
False
Suppose 59684 = 4*u - 4448. Is u a composite number?
Fals